-p = -10*a - u. List the prime factors of a.
5
Let d(r) = -r + 177. Let w(s) = 6*s + 42. Let f be w(-7). List the prime factors of d(f).
3, 59
Let b = -28 + -144. Let n = b + 465. What are the prime factors of n?
293
Suppose 253*j - 8057592 = -8*j. List the prime factors of j.
2, 17, 227
Let z(q) = q**2 - 16*q - 15. Let j be z(-6). Let o = 324 - j. Let m = o - 116. List the prime factors of m.
7, 13
Let y(i) = 26*i**2 - 1385*i - 90. List the prime factors of y(62).
2, 19, 23
Suppose 10*t - 4238 - 1602 = 0. Suppose 44 = -4*p - 4*n + t, 522 = 4*p - 5*n. What are the prime factors of p?
7, 19
Suppose -135*n - 12 = -137*n. List the prime factors of n/39 - 1036/(-26).
2, 5
List the prime factors of (-147)/(-30) - 5 - 5/(300/(-891066)).
14851
Let t(p) = -14*p - 86. Let y be t(-6). List the prime factors of 4 - (-805 + -3 - (-4)/y).
2, 11, 37
Let d = 3736 - 2550. Suppose -17*g = -14*g + o - d, 3*g - 1184 = -2*o. List the prime factors of g.
2, 3, 11
Suppose 0 = -3*x - 21, -2*w + 130*x - 128*x + 37366 = 0. What are the prime factors of w?
2, 7, 23, 29
Let l(h) = h**3 - 4*h**2 - 29*h - 18. Let n be l(8). Suppose 10*v = -n*v + 10128. List the prime factors of v.
3, 211
Suppose 19*z - 783812 = -9*z + 1149532. List the prime factors of z.
2, 3, 7, 137
Suppose -11*m = -32*m - 7308. List the prime factors of (-11 + m/(-36))*2754/(-4).
2, 3, 17
Let l(j) be the first derivative of j**3/3 + 3*j**2 - 5*j - 290. Suppose -4*t = 4*y - 44, -3*y - 5*t + 7 = -6*y. What are the prime factors of l(y)?
67
What are the prime factors of (545330/1035)/((-2)/(-36))?
2, 2371
Let o be ((-12)/(-30))/(3/(-45)). Let n be 657 - (3/(-1))/o*-6. Suppose -19*q + 15*q = -n. What are the prime factors of q?
3, 5, 11
Suppose 3 = -3*k, -44*k = -4*l - 43*k - 15. Let i be 66/(-9)*(-6)/2. What are the prime factors of (i/l)/((-23)/322)?
7, 11
Let h(j) = 73*j**2 + 54*j - 385. What are the prime factors of h(6)?
17, 151
Let p(b) = -66*b + 10. Let v be p(-6). Suppose 5*r = -5*u + 985, 0 = 2*u - 5*r + 4*r - v. Let s = u - 122. List the prime factors of s.
79
Let j = 38148 + -23900. What are the prime factors of j?
2, 13, 137
Let d = -399 + 943. Let v = -317 + d. What are the prime factors of v?
227
Suppose 335*d - 3*x + 18521 = 336*d, 0 = 3*x + 12. What are the prime factors of d?
43, 431
Let a = -343 - -625. Let s = a - 175. List the prime factors of s.
107
Let g(j) = j**3 + j**2 - 14*j + 10. Let t be g(3). Suppose 4*h + 3*v = 176, -t*v = 4*h - 169 - 11. List the prime factors of h.
41
Let c(g) be the first derivative of 16*g**3/3 + g**2/2 - 5*g + 49. What are the prime factors of c(4)?
3, 5, 17
Let a(b) = 28*b**2 + 113*b + 1908. List the prime factors of a(-17).
3, 2693
Suppose 55303 + 52299 = 134*u. List the prime factors of u.
11, 73
Let y be (-8)/(-14) - (-812)/(-49). What are the prime factors of (y/32)/((-2)/4) - -482?
3, 7, 23
Let f = 65024 + -15092. What are the prime factors of f?
2, 3, 19, 73
Suppose -3*m - 264 = -7*m. Let k = 3583 - 3581. Suppose 0 = -k*f + 4 + m. What are the prime factors of f?
5, 7
List the prime factors of 10/(-3) + (-539350)/(-21).
2, 3, 5, 107
Suppose -94*i - 42714 = -101*i. What are the prime factors of i?
2, 3, 113
What are the prime factors of 38/(-1083) + (-66137765)/(-1083)?
173, 353
What are the prime factors of (-13223364)/(-1221) - (-2)/37?
2, 3, 5, 19
Let w(u) = 4*u**2 + 62*u + 171. What are the prime factors of w(-27)?
3, 157
Suppose -3*w - w + 6*d = -31222, 0 = -4*w - 5*d + 31167. What are the prime factors of w?
2, 7, 557
Let h(t) = -30*t**3 - 2*t**2 - 3*t - 6. Let b be h(-2). Let p = -135 + b. Suppose 5*r - 3 = p. List the prime factors of r.
2, 5
List the prime factors of 423/141*(-3)/(-9)*4618.
2, 2309
Let g be 10/(-4)*(-34 + 60). List the prime factors of 1141 - (2 - 5) - g/13.
3, 383
Suppose 0 = 4*f + 14*f - 5*f - 94627. What are the prime factors of f?
29, 251
Let g(u) = u + 9. Let a be g(-5). Let h(x) = -50*x + 73. Let z be h(2). What are the prime factors of a/18 - ((-1722)/z)/(-1)?
2
Let w = -519 + 519. Suppose 33*y + 37*y - 9520 = w. What are the prime factors of y?
2, 17
Let z(j) be the second derivative of 59*j**4/12 + 11*j**3/6 - 35*j**2/2 + j - 45. List the prime factors of z(4).
953
Let m(u) = 2*u**2 - 13*u - 26. Let z be m(8). Let c be (2 - 1)/(-1 + (z - -4)). Let y(k) = 184*k**2 - 2*k + 2. What are the prime factors of y(c)?
2, 23
Let p = -151 - -153. Suppose 4*d + 4*s - 1476 = 0, -p*d + 742 = -0*d - 2*s. What are the prime factors of d?
2, 5, 37
Let s = -358 - -363. List the prime factors of (663/s)/((1 + 4)/25).
3, 13, 17
Suppose 4*g + y - 22 = 6*y, 3*g - 19 = 5*y. Let f(b) = -2*b**g - 32 + 22 - 2*b**2 - 2*b + 14. What are the prime factors of f(-2)?
2
Let i(f) = -107*f - 179. Let u be i(-24). Suppose 6*a + u - 7003 = 0. What are the prime factors of a?
769
Let t be ((-6)/1 - -6) + 7. Suppose -2*w + 1879 = -5*p, -6*w + t*w - 3*p = 939. List the prime factors of w.
2, 3, 157
Let n(f) = 2*f + 29. Let j be n(-14). Let a = 1 - j. Suppose 0 = -d - 4, 4*x - 3*d - 112 = a. List the prime factors of x.
5
Let v(y) = -836*y - 118. What are the prime factors of v(-1)?
2, 359
Let a be (-7)/(-14)*-8 - 13*-1. Suppose 0 = 6*m - 423 - a. What are the prime factors of m?
2, 3
Suppose -101*z + 3660016 = 436197. List the prime factors of z.
59, 541
Let b = 205 - 201. Suppose -b*r + 690 = 3*j - 369, 4*r = 0. List the prime factors of j.
353
Let v be ((-14)/21)/((-20)/(-60030)). List the prime factors of 1 - 25/23 - 2701524/v.
2, 3, 5
Let n be (84/9 - 0)*48. Let q be (-4)/(-14) + 57/21. Suppose -106 = -a - q*s + s, 0 = 4*a - 4*s - n. What are the prime factors of a?
2, 5, 11
Suppose 30*g + 112 - 352 = 0. Suppose 1399 + 6257 = g*x. What are the prime factors of x?
3, 11, 29
Let v be ((-100)/6 + 2)*36/4. Let u be -4 - (5 + -2)*v. Suppose 22*p = 20*p + u. List the prime factors of p.
2, 7
Suppose -n + 6*n - 1185 = -4*a, 4*a - 3*n = 1145. Let g = 2152 - 2009. Let k = a - g. List the prime factors of k.
3, 7
Suppose -751945 = -103*k + 25499. List the prime factors of k.
2, 3, 17, 37
Let h = 122 - -77. Let f = h + 167. Suppose 8*j - f = 418. What are the prime factors of j?
2, 7
Suppose 6 = 2*p - 3*y, -3*p - 2*y = -3*y - 23. Let a(d) = -d**3 + 18*d**2 - 3*d + 12. What are the prime factors of a(p)?
2, 3, 7, 17
Let g be (-6)/57 - 13210516/(-418). Suppose -16*y - 3748 = -g. What are the prime factors of y?
1741
Suppose -8*g + 84 = -2*g. Let c be 260/40*(g + 0). List the prime factors of 7/(-42)*0 + c*1.
7, 13
Let l be (371*1)/(12/48). Let w = l + -1050. List the prime factors of w.
2, 7, 31
Suppose -10974 = 6*w - 62026 - 16982. List the prime factors of w.
17, 23, 29
Suppose 207570 = 8*c - 13*c. List the prime factors of (c/(-264))/(1/4).
17, 37
Let s be (-8)/(-2) - 11*6/33. Suppose 927 + 675 = s*x. List the prime factors of x.
3, 89
Let o = 30 - 27. Suppose o*l - 12 = 150. Suppose 0 = -5*u - k + 132, -2*k + l = 3*u - 28. What are the prime factors of u?
2, 13
Suppose 0 = -3*s - 4*f + 9511, 2*f - 12668 = 8*s - 12*s. What are the prime factors of s?
3, 5, 211
Let r(q) = 2*q**3 - 14*q**2 - 17*q + 11. Let p be r(8). Let c be (1 - 1) + p + -47 + 43. List the prime factors of (-159 + (3 - 5))*c.
7, 23
Let i(a) be the second derivative of -139*a**3/6 + 89*a**2 - 3*a + 13. What are the prime factors of i(-6)?
2, 11, 23
Suppose 772 + 67634 = 13*b. List the prime factors of b.
2, 3, 877
Let i(m) = -m**3 - 13*m**2 - 3. Let q be i(-13). Let g be 52 + q/(-9)*15. Let f = 9 + g. What are the prime factors of f?
2, 3, 11
Let a = 14291 - 5422. List the prime factors of a.
7, 181
What are the prime factors of 13 - 41/(41/(-11490))?
11503
List the prime factors of (-266406)/(-111) - 18/333.
2, 3, 5
Suppose 4*v - 3*o - 4203 = 3*v, 4*v - 16799 = -o. Suppose -37*c + v = 3*c. List the prime factors of c.
3, 5, 7
Let g(a) be the first derivative of a**4/4 - 13*a**3/3 - 5*a**2 - 33*a + 1. Let h be g(15). Suppose -15 + h = 6*n. List the prime factors of n.
2, 3, 7
Let b(y) = 311*y - 1193. What are the prime factors of b(45)?
2, 37, 173
Suppose -2348 = -3*p + 4*z + 11975, -3*z + 9577 = 2*p. Suppose 5*j - 3*a - p = 0, 4*j - 2*a - 1642 = 2182. What are the prime factors of j?
5, 191
Suppose -2*r + 34082 = 13*s - 14*s, 12 = 3*s. List the prime factors of r.
3, 13, 19, 23
What are t